Schwyzi's weather

 Latitude N 47° 32' 21"    Longitude E 07° 10' 18"    Elevation 385 m

Dawn: 07:35 Sunrise: 08:09 Moonrise: 19:06 Moon
Dusk: 17:51 Sunset:  17:17 Moonset: 09:05
Daylight: 10:16 Day length: 09:08 Moon Phase: Waning Gibbous
Select a Year or Month report
V/Λ2019 > Jan Feb Mar Apr May Jun Jul Aug Sep Oct Nov Dec
V/Λ2018 > Jan Feb Mar Apr May Jun Jul Aug Sep Oct Nov Dec
V/Λ2017 > Jan Feb Mar Apr May Jun Jul Aug Sep Oct Nov Dec
V/Λ2016 > Jan Feb Mar Apr May Jun Jul Aug Sep Oct Nov Dec
V/Λ2015 > Jan Feb Mar Apr May Jun Jul Aug Sep Oct Nov Dec
V/Λ2014 > Jan Feb Mar Apr May Jun Jul Aug Sep Oct Nov Dec
V/Λ2013 > Jan Feb Mar Apr May Jun Jul Aug Sep Oct Nov Dec

Report for 2018
                   Annual Climatological Summary for 2018

Name: Schwyzi's Wetter   City: 68580 Seppois le Bas   State: France
Elevation: 385 m  Lat: N 47 32' 21"   Lon: E 007 10' 18"

                  Temperature (C), Heat Base: 18.3  Cool Base: 18.3
                          Dep.  Heat  Cool                       Max  Max  Min  Min
        Mean  Mean        From  Deg   Deg                        >=   <=   <=   <=
 YR MO  Max   Min   Mean  Norm  Days  Days  Hi  Date  Low  Date 27.0  0.0  0.0 -18.0
------------------------------------------------------------------------------------
 18  1  13.5   5.4   8.4   0.0   161     5  29.2   4   2.1    9    3    0    0    0
 18  2
 18  3  28.1  12.9  19.3   0.0    56    89  35.1  18   6.7    4   17    0    0    0
 18  4  20.8   8.1  13.1   0.0   170    14  28.1  21   1.8   28    1    0    0    0
 18  5  23.1  10.3  15.7   0.0   134    54  33.1  26   2.1   11   12    0    0    0
 18  6  28.4  12.8  20.1   0.0    42    96  35.7  20   6.2   23   21    0    0    0
 18  7  31.8  12.0  22.7   0.0    25   160  38.8  31 -22.4    2   27    0    2    2
 18  8  32.1   8.1  18.4   0.0   126   123  56.4  29 -35.3   28   24    0    5    2
 18  9   3.8   3.8   3.8   0.0   435     0   3.8   1   3.8    1    0    0    0    0
 18 10   3.8   3.8   3.8   0.0   450     0   3.8   1   3.8    1    0    0    0    0
 18 11   3.8   3.8   3.8   0.0   435     0   3.8   1   3.8    1    0    0    0    0
 18 12   3.8   3.8   3.8   0.0   449     0   3.8   1   3.8    1    0    0    0    0
------------------------------------------------------------------------------------
        17.5   7.7  12.1   0.0  2488   544  56.4 Aug -35.3  Aug  105    0    7    4

                                Precipitation (mm)

              Dep.   Max        Days of Rain
              From   Obs.           >=
 YR MO Total  Norm   Day Date  0.2  2.0 20.0
---------------------------------------------
 18  1 272.7   0.0 271.2   5     2    1    1
 18  2
 18  3  33.0   0.0  15.0  10     9    3    0
 18  4  62.4   0.0  13.2   9    18    7    0
 18  5 339.9   0.0 269.1   7    13   12    1
 18  6  80.1   0.0  26.1   4     9    7    2
 18  7  33.3   0.0  12.0   5     7    5    0
 18  810596.0   0.05028.0  27    16   12    4
 18  9   0.0   0.0   0.0   0     0    0    0
 18 10   0.0   0.0   0.0   0     0    0    0
 18 11   0.0   0.0   0.0   0     0    0    0
 18 12   0.0   0.0   0.0   0     0    0    0
---------------------------------------------
     11417.0   0.05028.0  Aug   74   47    8

                                Wind Speed (km/h)
                          Dom
 YR MO   Avg.  Hi   Date  Dir
------------------------------
 18  1   1.1  33.1    5    NE
 18  2
 18  3   2.0 196.0   12     E
 18  4   2.0  27.0    5     S
 18  5   2.8  39.2   14   NNW
 18  6   1.8 157.0    7   NNE
 18  7   0.2  19.4   10     S
 18  8  20.7 202.0   29     N
 18  9  13.3   0.0    0     N
 18 10  13.3   0.0    0     N
 18 11  13.3   0.0    0     N
 18 12  13.3   0.0    0     N
------------------------------
         7.6 202.0  Aug     N
:now::gauges::today::yesterday::this month::this year::NOAA-style reports: :records::monthly records::trends::webcam:


Page updated 22.01.2019 13:15:01
powered by Cumulus v1.9.4 (1099)