Schwyzi's weather

 Latitude N 47° 32' 21"    Longitude E 07° 10' 18"    Elevation 385 m

Dawn: 07:00 Sunrise: 07:33 Moonrise: 12:38 Moon
Dusk: 17:31 Sunset:  16:58 Moonset: 21:41
Daylight: 10:31 Day length: 09:25 Moon Phase: Waxing Crescent
Select a Year or Month report

Report for 2018 Jan
                   Monthly Climatological Summary for Jan 2018

Name: Schwyzi's Wetter   City: 68580 Seppois le Bas   State: France
Elevation: 385 m  Lat: N 47 32' 21"   Lon: E 007 10' 18"

                  Temperature (C), Rain (mm), Wind Speed (km/h)

                                      Heat  Cool        Avg
    Mean                              Deg   Deg         Wind                 Dom
Day Temp  High   Time   Low    Time   Days  Days  Rain  Speed High   Time    Dir
----------------------------------------------------------------------------------
 1  13.8  24.3   00:03   6.4   11:33   5.1   0.5   0.0   1.7  12.2   18:33   SSE
 2  12.7  26.7   23:33   5.2   14:33   6.6   1.0   0.0   1.3  11.2   21:33     N
 3  13.3  27.7   23:34   5.0   14:33   6.6   1.6   0.0   0.6   6.1   21:34     N
 4  13.9  29.2   23:04   5.3   14:34   6.7   2.3   0.0   0.6   7.2   21:34   NNE
 5  11.3  29.0   00:04   7.4   23:54   7.3   0.4 271.2   1.8  33.1   14:46     S
 6   7.3  12.9   14:45   2.6   23:54  11.0   0.0   1.5   2.0  17.3   15:34    NE
 7   6.0   7.2   05:36   2.2   00:49  12.3   0.0   0.0   4.9  19.4   07:57   NNE
 8   4.7   5.8   12:11   3.2   09:20  13.6   0.0   0.0   4.6  22.0   12:42    NE
 9   5.0   6.7   13:58   2.1   07:33  13.3   0.0   0.0   0.8  15.8   01:47   ENE
10   6.7   6.7   00:00   6.7   00:00  11.6   0.0   0.0   0.0   2.5   00:00   ---
11   6.7   6.7   00:00   6.7   00:00  11.6   0.0   0.0   0.0   2.5   00:00   ---
12   6.7   6.7   00:00   6.7   00:00  11.6   0.0   0.0   0.0   2.5   00:00   ---
13   6.7   6.7   00:00   6.7   00:00  11.6   0.0   0.0   0.0   2.5   00:00   ---
14   6.7   6.7   00:00   6.7   00:00  11.6   0.0   0.0   0.0   2.5   00:00   ---
15   6.7   6.7   00:00   6.7   00:00  11.6   0.0   0.0   0.0   2.5   00:00   ---
17   6.7   6.7   00:00   6.7   00:00   9.6   0.0   0.0   0.0   2.5   00:00   ---
----------------------------------------------------------------------------------
     8.4  29.2     4     2.1     9   161.7   5.8 272.7   1.2  33.1     5      NE

Max >=  27.0:  3
Max <=   0.0:  0
Min <=   0.0:  0
Min <= -18.0:  0
Max Rain: 271.2 on day 5
Days of Rain: 2 (>= 0.2 mm)  1 (>= 2.0 mm)  1 (>= 20.0 mm)
Heat Base: 18.3  Cool Base: 18.3  Method: Integration
:now::gauges::today::yesterday::this month::this year::NOAA-style reports: :records::monthly records::trends::webcam:


Page updated 13.11.2018 05:35:00
powered by Cumulus v1.9.4 (1099)