Schwyzi's weather

 Latitude N 47° 32' 21"    Longitude E 07° 10' 18"    Elevation 385 m

Dawn: 07:00 Sunrise: 07:33 Moonrise: 12:38 Moon
Dusk: 17:31 Sunset:  16:58 Moonset: 21:41
Daylight: 10:31 Day length: 09:25 Moon Phase: Waxing Crescent
Select a Year or Month report

Report for 2018 May
                   Monthly Climatological Summary for Mai 2018

Name: Schwyzi's Wetter   City: 68580 Seppois le Bas   State: France
Elevation: 385 m  Lat: N 47 32' 21"   Lon: E 007 10' 18"

                  Temperature (C), Rain (mm), Wind Speed (km/h)

                                      Heat  Cool        Avg
    Mean                              Deg   Deg         Wind                 Dom
Day Temp  High   Time   Low    Time   Days  Days  Rain  Speed High   Time    Dir
----------------------------------------------------------------------------------
 1  10.2  19.3   23:51   3.9   16:21   8.1   0.0   0.3   1.0  11.2   00:21   SSE
 2  12.7  21.2   22:51   6.2   17:51   5.8   0.2   0.0   1.1   9.7   00:21   SSE
 3  14.1  24.3   03:51   6.4   15:21   5.1   0.9   0.0   1.8  13.3   00:51   SSE
 4  12.2  21.7   23:21   5.2   18:21   6.6   0.5   0.0   1.2  12.2   01:21   SSW
 5  12.9  26.7   03:21   5.0   18:21   6.6   1.3   0.0   0.9  11.2   01:21   NNE
 6  13.5  27.7   03:22   5.3   18:22   6.7   1.9   0.0   0.5   6.1   01:22     N
 7  14.4  29.2   02:52   7.7   13:22   5.8   1.9 269.1   2.0  15.8   17:52    NE
 8   7.5  11.8   19:52   5.9   23:52  10.6   0.0   3.6   1.8  17.3   19:22   NNE
 9   5.7   7.1   09:22   2.3   04:22  12.5   0.0   0.0   4.5  15.8   16:22    NE
10   4.8   6.0   00:22   3.3   13:23  13.5   0.0   0.0   4.1  12.2   23:23    NE
11   7.7  24.4   18:23   2.1   11:23  10.9   0.5   0.0   1.3  12.2   00:23    NE
12  18.8  28.2   17:21   8.1   05:48   2.7   3.2   0.0   2.1  18.4   15:44   NNE
13  10.5  15.9   00:00   8.7   23:29   7.8   0.0   4.5   3.4  22.0   05:00   SSW
14  10.6  14.0   14:11   8.2   02:34   7.7   0.0   9.9   2.3  39.2   14:26     S
15  15.4  21.2   15:27  10.7   00:15   3.6   0.7   2.1   2.4  12.2   15:00   NNW
16  20.1  20.1   00:00  20.1   00:00   0.0   1.8   0.0   5.0   6.1   00:00    NW
17  20.1  20.1   00:00  20.1   00:00   0.0   1.8   0.0   5.0   6.1   00:00    NW
18  20.1  20.1   00:00  20.1   00:00   0.0   1.8   0.0   5.0   6.1   00:00    NW
19  20.1  20.1   00:00  20.1   00:00   0.0   1.8   0.0   5.0   6.1   00:00    NW
20  17.0  20.1   00:00  10.7   18:10   2.5   1.2   5.4   4.7   7.2   16:40    NW
21  17.6  25.5   13:26  11.1   00:10   2.4   1.6   2.7   1.8  13.3   16:24   NNE
22  18.2  27.2   13:35  10.1   05:39   2.4   2.3   0.0   1.6  14.8   08:43   NNW
23  16.9  24.4   12:38  11.0   05:13   2.4   1.0  10.8   1.6  15.8   08:58   WSW
24  19.7  27.7   15:46  13.7   05:42   1.6   3.0   0.0   1.9  17.3   16:18    SW
25  20.1  30.5   17:29  10.0   06:07   2.3   4.1   0.0   2.4  17.3   11:48   NNE
26  22.0  33.1   18:17  12.3   05:26   1.4   5.1   0.0   2.1  19.4   15:02   NNE
27  22.5  30.3   11:39  14.8   04:11   0.7   4.9   0.0   2.2  19.4   16:42     N
28  21.4  31.2   17:39  14.5   05:50   0.9   4.0   2.1   2.1  22.0   22:54   NNE
29  19.6  29.3   18:13  13.8   23:52   1.3   2.7  11.4   2.4  19.4   20:51   SSW
30  21.1  30.2   15:41  12.8   01:32   1.4   4.2  12.6   2.4  22.0   18:42   NNE
31  18.4  27.0   15:00  13.7   23:59   1.6   1.7   5.4   2.2  29.5   18:24   SSW
----------------------------------------------------------------------------------
    15.7  33.1    26     2.1    11   134.9  54.1 339.9   2.8  39.2    14     NNW

Max >=  27.0: 12
Max <=   0.0:  0
Min <=   0.0:  0
Min <= -18.0:  0
Max Rain: 269.1 on day 7
Days of Rain: 13 (>= 0.2 mm)  12 (>= 2.0 mm)  1 (>= 20.0 mm)
Heat Base: 18.3  Cool Base: 18.3  Method: Integration
:now::gauges::today::yesterday::this month::this year::NOAA-style reports: :records::monthly records::trends::webcam:


Page updated 13.11.2018 06:10:01
powered by Cumulus v1.9.4 (1099)