Schwyzi's weather

 Latitude N 47° 32' 21"    Longitude E 07° 10' 18"    Elevation 385 m

Dawn: 07:00 Sunrise: 07:33 Moonrise: 12:38 Moon
Dusk: 17:31 Sunset:  16:58 Moonset: 21:41
Daylight: 10:31 Day length: 09:25 Moon Phase: Waxing Crescent
Select a Year or Month report

Report for 2018 Jun
                   Monthly Climatological Summary for Jun 2018

Name: Schwyzi's Wetter   City: 68580 Seppois le Bas   State: France
Elevation: 385 m  Lat: N 47 32' 21"   Lon: E 007 10' 18"

                  Temperature (C), Rain (mm), Wind Speed (km/h)

                                      Heat  Cool        Avg
    Mean                              Deg   Deg         Wind                 Dom
Day Temp  High   Time   Low    Time   Days  Days  Rain  Speed High   Time    Dir
----------------------------------------------------------------------------------
 1  18.5  25.8   13:36  11.6   03:43   2.0   2.2   0.3   2.6  22.0   10:58     S
 2  20.6  29.5   18:53  11.3   05:12   1.8   4.0   0.0   1.8  14.8   16:45   NNW
 3  21.0  29.2   16:21  12.5   05:40   1.3   4.0   0.0   2.6  18.4   15:48   NNE
 4  21.0  30.2   16:07  14.3   05:57   0.8   3.5  26.1   2.1  20.9   19:56     N
 5  22.0  30.6   17:27  15.2   05:34   0.7   4.5   0.3   1.8  15.8   17:45     N
 6  21.4  28.6   17:31  16.5   01:57   0.3   3.3   0.0   2.0  13.3   12:45     S
 7  20.8  29.1   15:56  16.6   23:54   0.3   2.8   2.7   1.3 157.0   04:29     N
 8  20.2  30.4   15:46  14.2   05:30   1.1   3.0   6.3   1.3  15.8   17:20     N
 9  21.2  31.1   14:14  15.9   04:56   0.5   3.4   4.8   1.1  12.2   10:29   NNW
10  23.1  32.8   17:06  15.5   04:27   0.6   5.4   0.0   1.2  12.2   10:26     W
11  20.7  27.9   18:07  17.1   15:30   0.1   2.5   6.9   1.5  22.0   13:20     S
12  18.8  27.9   18:08  15.7   23:58   0.7   1.2  24.9   2.1  19.4   23:59     S
13  15.8  21.4   17:24  11.1   23:59   2.7   0.2   7.8   3.6  24.5   11:34     N
14  16.6  26.8   17:03   7.9   05:40   3.2   1.5   0.0   1.3  13.3   12:35     N
15  19.4  28.7   16:55  11.8   05:33   1.8   3.0   0.0   1.3  15.8   11:15     N
16  21.0  31.1   16:49  11.9   05:50   1.7   4.4   0.0   0.8  14.8   15:47   NNW
17  19.5  25.2   10:36  14.2   05:44   0.9   2.1   0.0   2.1  19.4   14:28   SSW
18  19.9  28.3   15:49  10.7   05:50   1.8   3.4   0.0   1.3  15.8   17:18     W
19  22.0  31.1   17:21  12.4   05:33   1.3   5.0   0.0   1.3  14.8   11:40   NNE
20  23.9  35.7   18:41  13.8   05:31   0.9   6.5   0.0   1.4  17.3   13:20   NNE
21  23.0  29.7   13:57  15.2   05:07   0.5   5.2   0.0   2.8  20.9   11:49     S
22  16.2  22.4   16:11  10.5   23:56   2.7   0.6   0.0   2.0  22.0   01:16   NNE
23  15.4  23.8   16:56   6.2   05:33   4.0   1.1   0.0   1.2  22.0   17:29     N
24  16.7  25.3   18:35   9.4   05:28   3.0   1.4   0.0   0.8  19.4   16:53     N
25  17.6  24.3   16:19  10.0   05:37   2.5   1.8   0.0   1.7  20.9   13:58   NNE
26  19.7  28.4   17:27   9.5   05:29   2.2   3.6   0.0   1.3  19.4   17:06   NNE
27  21.4  27.8   16:50  12.8   06:16   0.8   3.9   0.0   2.4  31.7   17:52     N
28  19.5  26.0   14:11  11.1   05:41   1.2   2.5   0.0   3.4  34.2   14:16   NNE
29  20.9  29.4   18:21  14.6   02:11   0.7   3.3   0.0   2.3  22.0   14:33   NNE
30  24.4  34.3   17:10  13.9   06:08   0.8   6.9   0.0   0.6  15.8   11:26   NNE
----------------------------------------------------------------------------------
    20.1  35.7    20     6.2    23    42.9  96.2  80.1   1.8 157.0     7       N

Max >=  27.0: 21
Max <=   0.0:  0
Min <=   0.0:  0
Min <= -18.0:  0
Max Rain: 26.1 on day 4
Days of Rain: 9 (>= 0.2 mm)  7 (>= 2.0 mm)  2 (>= 20.0 mm)
Heat Base: 18.3  Cool Base: 18.3  Method: Integration
:now::gauges::today::yesterday::this month::this year::NOAA-style reports: :records::monthly records::trends::webcam:


Page updated 13.11.2018 05:35:00
powered by Cumulus v1.9.4 (1099)