Schwyzi's weather

 Latitude N 47° 32' 21"    Longitude E 07° 10' 18"    Elevation 385 m

Dawn: 07:00 Sunrise: 07:33 Moonrise: 12:38 Moon
Dusk: 17:31 Sunset:  16:58 Moonset: 21:41
Daylight: 10:31 Day length: 09:25 Moon Phase: Waxing Crescent
Select a Year or Month report

Report for 2018 Jul
                   Monthly Climatological Summary for Jul 2018

Name: Schwyzi's Wetter   City: 68580 Seppois le Bas   State: France
Elevation: 385 m  Lat: N 47 32' 21"   Lon: E 007 10' 18"

                  Temperature (C), Rain (mm), Wind Speed (km/h)

                                      Heat  Cool        Avg
    Mean                              Deg   Deg         Wind                 Dom
Day Temp  High   Time   Low    Time   Days  Days  Rain  Speed High   Time    Dir
----------------------------------------------------------------------------------
 1  23.5  32.3   17:46  14.8   05:43   0.5   5.7   0.0   0.9  19.4   14:27   NNE
 2  24.6  33.9   16:12 -22.4   16:31   0.4   6.7   0.0   0.1  13.3   10:16   NNE
 3  16.7  21.0   00:00  16.3   04:33   1.7   0.1   0.0   0.0   1.1   01:12   ---
 4  24.1  34.6   15:52  16.3   00:00   0.6   6.4   0.0   0.1  13.3   15:03   SSW
 5  19.3  25.2   16:40  16.8   23:57   0.3   1.4  12.0   1.5  18.4   02:34   SSW
 6  20.0  30.4   17:25  16.2   02:46   0.7   2.4   4.2   1.0  13.3   11:28   SSW
 7  22.0  30.1   19:08  14.2   05:50   0.9   4.6   0.6   1.0  18.4   13:54   NNE
 8  22.0  30.5   17:00  13.6   05:46   1.1   4.8   0.0   0.1  12.2   09:24     N
 9  21.8  30.6   16:07  12.1   05:48   1.3   4.9   0.0   0.0  15.8   12:48     N
10  20.4  27.6   12:28  13.0   05:52   1.3   3.4   0.0   0.1  19.4   15:41     W
11  18.3  26.5   16:21   9.8   06:18   2.1   2.1   0.0   0.2  14.8   12:14     W
12  19.3  28.2   16:26   8.6   05:30   2.6   3.6   0.0   0.0  13.3   14:18     N
13  22.2  33.2   17:47  11.2   05:43   1.7   5.5   0.0   0.0  13.3   10:22   NNE
14  24.0  32.9   14:41  13.8   06:16   0.7   6.4   0.0   0.0  12.2   17:21   NNE
15  22.2  32.9   14:55  15.1   05:45   0.4   4.4   5.4   0.1  12.2   14:45    NE
16  22.7  32.3   18:12  12.6   06:19   1.2   5.6   0.0   0.0   9.7   12:12   NNE
17  23.0  32.3   17:20  13.5   05:57   1.0   5.7   0.0   0.1  18.4   15:28     S
18  23.8  32.8   15:15  14.1   06:14   0.8   6.2   0.0   0.0  12.2   14:35     N
19  23.5  32.1   16:37  14.4   05:52   0.7   5.9   0.0   0.0  11.2   13:49   NNE
20  22.4  32.5   15:16  16.0   05:18   0.3   4.4   0.9   0.0  15.8   17:08    NE
21  19.8  25.4   16:33  15.0   05:53   0.5   2.0   3.6   0.9  14.8   10:54     S
22  22.1  31.1   16:24  14.3   06:07   0.9   4.7   0.0   0.3  17.3   10:48   SSW
23  22.9  32.2   16:55  14.1   06:07   0.8   5.4   0.0   0.0  11.2   12:57   NNE
24  24.4  35.4   17:12  14.2   06:10   0.7   6.8   0.0   0.0  18.4   12:26    NE
25  26.1  35.2   15:57  18.9   06:13   0.0   7.8   0.0   0.0   8.6   12:42     N
26  26.1  36.0   16:34  16.0   06:07   0.3   8.0   0.0   0.0  12.2   16:53   NNE
27  25.9  37.5   17:39  14.9   05:48   0.5   8.1   0.0   0.0   9.7   14:44   NNE
28  21.6  28.9   18:30  17.2   03:46   0.1   3.4   6.6   0.1  15.8   07:26   SSE
29  24.2  35.4   19:03  14.8   05:59   0.7   6.6   0.0   0.0   8.6   12:26   NNE
30  26.3  37.7   17:10 -22.4   16:10   0.5   8.5   0.0   0.0   8.6   14:38    NW
31  27.3  38.8   16:39  16.4   05:51   0.2   9.3   0.0   0.1  18.4   17:40    NW
----------------------------------------------------------------------------------
    22.7  38.8    31   -22.4     2    25.5 160.8  33.3   0.2  19.4     1       S

Max >=  27.0: 27
Max <=   0.0:  0
Min <=   0.0:  2
Min <= -18.0:  2
Max Rain: 12.0 on day 5
Days of Rain: 7 (>= 0.2 mm)  5 (>= 2.0 mm)  0 (>= 20.0 mm)
Heat Base: 18.3  Cool Base: 18.3  Method: Integration
:now::gauges::today::yesterday::this month::this year::NOAA-style reports: :records::monthly records::trends::webcam:


Page updated 13.11.2018 05:15:01
powered by Cumulus v1.9.4 (1099)