Schwyzi's weather

 Latitude N 47° 32' 21"    Longitude E 07° 10' 18"    Elevation 385 m

Dawn: 07:00 Sunrise: 07:33 Moonrise: 12:38 Moon
Dusk: 17:31 Sunset:  16:58 Moonset: 21:41
Daylight: 10:31 Day length: 09:25 Moon Phase: Waxing Crescent
Select a Year or Month report

Report for 2018 Aug
                   Monthly Climatological Summary for Aug 2018

Name: Schwyzi's Wetter   City: 68580 Seppois le Bas   State: France
Elevation: 385 m  Lat: N 47 32' 21"   Lon: E 007 10' 18"

                  Temperature (C), Rain (mm), Wind Speed (km/h)

                                      Heat  Cool        Avg
    Mean                              Deg   Deg         Wind                 Dom
Day Temp  High   Time   Low    Time   Days  Days  Rain  Speed High   Time    Dir
----------------------------------------------------------------------------------
 1  25.3  32.0   12:41  19.1   05:33   0.0   7.0   4.2   0.2  30.6   14:47   NNE
 2  24.8  33.1   16:35  16.7   06:17   0.1   6.7   2.1   0.0  12.2   16:52   NNE
 3  27.1  36.2   16:12  17.6   06:07   0.0   8.8   0.0   0.0  15.8   15:31     N
 4  27.6  38.8   17:42  19.7   05:55   0.0   9.3   0.0   0.0   9.7   16:23   NNW
 5  26.3  34.5   16:36  18.1   06:26   0.0   8.0   0.0   0.0  12.2   09:14     N
 6  26.9  38.0   17:16 -22.4   17:57   0.1   8.7   0.0   0.0   9.7   14:51   NNW
 7  24.6  36.6   13:18  18.7   06:11   0.0   6.3   1.8   0.0  13.3   13:06   NNE
 8  24.6  31.2   16:41  18.3   02:27   0.0   6.3   0.0   0.1  22.0   03:53     S
 9  22.1  32.0   12:09  17.3   06:43   0.1   3.9   3.3   0.1  35.6   13:23     S
10  19.8  28.6   16:47  12.3   06:24   1.5   3.0   0.3   0.0  12.2   00:12   SSE
11  19.6  28.8   18:36  10.9   06:41   2.0   3.3   0.0   0.0   6.1   13:11   ---
12  21.3  34.9   18:33   9.5   06:13   2.4   5.4   0.0   0.0   1.1   10:09   ---
13  19.9  27.6   16:30  15.1   05:14   0.6   2.2   9.0   0.0   5.0   06:58   ---
14  20.9  27.9   17:17  15.9   06:43   0.5   3.1   0.3   0.0   5.0   12:30   ---
15  21.4  32.7   18:20  12.5   06:12   1.4   4.6   0.0   0.0   2.5   16:46   ---
16  22.8  35.2   18:38  12.9   06:07   1.3   5.8   0.0   0.0   3.6   11:14   ---
17  22.8  30.3   12:32  15.1   06:34   0.7   5.2   0.0   0.0   5.0   12:36   ---
18  22.0  30.2   17:26  16.1   04:25   0.2   3.9   0.0   0.0   1.1   17:04   ---
19   4.9  18.9   00:00   3.3   14:46  13.4   0.02554.5   3.9  11.2   00:45    NE
20   7.4  24.4   19:46   2.1   12:46  11.4   0.5   0.0   2.6  12.2   00:46   NNE
21  18.6  28.2   18:46   8.2   07:16   3.0   3.3   0.0   2.1  13.3   15:46     N
22  11.0  18.1   00:16   8.8   23:47   7.3   0.0   4.5   3.4  18.4   05:16     S
23  11.2  42.1   09:17   8.2   04:17   7.6   0.5   8.7  13.8 194.0   09:17     N
24  15.6  25.1   21:53  10.7   00:53   4.0   1.3  19.5   1.5   8.6   14:23     N
25  18.0  26.9   20:23  10.1   12:23   2.5   2.4   1.5   1.8  11.2   20:53   NNW
26  17.0  24.3   19:23  11.0   12:23   2.3   1.0  10.8   1.6  11.2   17:23   WNW
27  16.4  55.5   20:56  -9.7   20:59   5.1   1.75028.0 108.5 193.0   16:41     N
28  19.7  30.8   07:34 -35.3   05:12  18.9   3.62535.0  92.6 189.0   00:17     N
29   1.7  56.4   03:25 -12.8   06:58  11.3   7.2 412.5  91.9 202.0   22:41     N
30   4.3  51.2   12:27   0.0   00:04  14.5   0.5   0.0 102.3 202.0   00:06     N
31   3.8   3.8   00:00   3.8   00:00  14.5   0.0   0.0  13.3   0.0   00:00     N
----------------------------------------------------------------------------------
    18.4  56.4    29   -35.3    28   126.7 123.510596.0  20.7 202.0    29       N

Max >=  27.0: 24
Max <=   0.0:  0
Min <=   0.0:  5
Min <= -18.0:  2
Max Rain: 5028.0 on day 27
Days of Rain: 16 (>= 0.2 mm)  12 (>= 2.0 mm)  4 (>= 20.0 mm)
Heat Base: 18.3  Cool Base: 18.3  Method: Integration
:now::gauges::today::yesterday::this month::this year::NOAA-style reports: :records::monthly records::trends::webcam:


Page updated 13.11.2018 05:55:01
powered by Cumulus v1.9.4 (1099)