Schwyzi's weather

 Latitude N 47° 32' 21"    Longitude E 07° 10' 18"    Elevation 385 m

Dawn: 06:45 Sunrise: 07:16 Moonrise: 23:36 Moon
Dusk: 20:03 Sunset:  19:32 Moonset: 14:29
Daylight: 13:18 Day length: 12:16 Moon Phase: Waning Gibbous
       
   
Select a Year or Month report
V/Λ2019 > Jan Feb Mar Apr May Jun Jul Aug Sep Oct Nov Dec
V/Λ2018 > Jan Feb Mar Apr May Jun Jul Aug Sep Oct Nov Dec
V/Λ2017 > Jan Feb Mar Apr May Jun Jul Aug Sep Oct Nov Dec
V/Λ2016 > Jan Feb Mar Apr May Jun Jul Aug Sep Oct Nov Dec
V/Λ2015 > Jan Feb Mar Apr May Jun Jul Aug Sep Oct Nov Dec
V/Λ2014 > Jan Feb Mar Apr May Jun Jul Aug Sep Oct Nov Dec
V/Λ2013 > Jan Feb Mar Apr May Jun Jul Aug Sep Oct Nov Dec

Report for 2019 Mar
                   Monthly Climatological Summary for Mär 2019

Name: Schwyzi's Wetter   City: 68580 Seppois le Bas   State: France
Elevation: 385 m  Lat: N 47° 32' 21"   Lon: E 007° 10' 18"

                  Temperature (°C), Rain (mm), Wind Speed (km/h)

                                      Heat  Cool        Avg
    Mean                              Deg   Deg         Wind                 Dom
Day Temp  High   Time   Low    Time   Days  Days  Rain  Speed High   Time    Dir
----------------------------------------------------------------------------------
 1   3.8   3.8   00:00   3.8   00:00  14.5   0.0   0.0  13.3   0.0   00:00     N
 2   3.8   3.8   00:00   3.8   00:00  14.5   0.0   0.0  13.3   0.0   00:00     N
 3   3.8   3.8   00:00   3.8   00:00  14.5   0.0   0.0  13.3   0.0   00:00     N
 4   3.8   3.8   00:00   3.8   00:00  14.5   0.0   0.0  13.3   0.0   00:00     N
 5   3.8   3.8   00:00   3.8   00:00  14.5   0.0   0.0  13.3   0.0   00:00     N
 6   3.8   3.8   00:00   3.8   00:00  14.5   0.0   0.0  13.3   0.0   00:00     N
 7   3.8   3.8   00:00   3.8   00:00  14.5   0.0   0.0  13.3   0.0   00:00     N
 8   3.8   3.8   00:00   3.8   00:00  14.5   0.0   0.0  13.3   0.0   00:00     N
 9   3.8   3.8   00:00   3.8   00:00  14.5   0.0   0.0  13.3   0.0   00:00     N
10   3.8   3.8   00:00   3.8   00:00  14.5   0.0   0.0  13.3   0.0   00:00     N
11   3.8   3.8   00:00   3.8   00:00  14.5   0.0   0.0  13.3   0.0   00:00     N
12   3.8   3.8   00:00   3.8   00:00  14.5   0.0   0.0  13.3   0.0   00:00     N
13   3.8   3.8   00:00   3.8   00:00  14.5   0.0   0.0  13.3   0.0   00:00     N
14   3.8   3.8   00:00   3.8   00:00  14.5   0.0   0.0  13.3   0.0   00:00     N
15   3.8   3.8   00:00   3.8   00:00  14.5   0.0   0.0  13.3   0.0   00:00     N
16  11.1  24.3   22:27   3.8   00:00   7.9   0.7   0.0  11.2  11.2   20:27     N
----------------------------------------------------------------------------------
     4.3  24.3    16     3.8     1   225.4   0.7   0.0  13.2  11.2    16       N

Max >=  27.0:  0
Max <=   0.0:  0
Min <=   0.0:  0
Min <= -18.0:  0
Max Rain: 0.0 on day 0
Days of Rain: 0 (>= 0.2 mm)  0 (>= 2.0 mm)  0 (>= 20.0 mm)
Heat Base: 18.3  Cool Base: 18.3  Method: Integration
       
:now::gauges::today::yesterday::this month::this year::NOAA-style reports: :records::monthly records::trends::webcam:


Page updated 21.09.2019 23:29:45
powered by Cumulus v1.9.4 (1099)