Schwyzi's weather

 Latitude N 47° 32' 21"    Longitude E 07° 10' 18"    Elevation 385 m

Dawn: 06:45 Sunrise: 07:16 Moonrise: 23:36 Moon
Dusk: 20:03 Sunset:  19:32 Moonset: 14:29
Daylight: 13:18 Day length: 12:16 Moon Phase: Waning Gibbous
Select a Year or Month report
V/Λ2019 > Jan Feb Mar Apr May Jun Jul Aug Sep Oct Nov Dec
V/Λ2018 > Jan Feb Mar Apr May Jun Jul Aug Sep Oct Nov Dec
V/Λ2017 > Jan Feb Mar Apr May Jun Jul Aug Sep Oct Nov Dec
V/Λ2016 > Jan Feb Mar Apr May Jun Jul Aug Sep Oct Nov Dec
V/Λ2015 > Jan Feb Mar Apr May Jun Jul Aug Sep Oct Nov Dec
V/Λ2014 > Jan Feb Mar Apr May Jun Jul Aug Sep Oct Nov Dec
V/Λ2013 > Jan Feb Mar Apr May Jun Jul Aug Sep Oct Nov Dec

Report for 2019 Sep
                   Monthly Climatological Summary for Sep 2019

Name: Schwyzi's Wetter   City: 68580 Seppois le Bas   State: France
Elevation: 385 m  Lat: N 47 32' 21"   Lon: E 007 10' 18"

                  Temperature (C), Rain (mm), Wind Speed (km/h)

                                      Heat  Cool        Avg
    Mean                              Deg   Deg         Wind                 Dom
Day Temp  High   Time   Low    Time   Days  Days  Rain  Speed High   Time    Dir
----------------------------------------------------------------------------------
 1   8.2  13.8   08:12   2.5   23:42  10.1   0.0   0.6   2.1  15.8   08:42     S
 2  10.7  16.9   09:12   1.8   01:12   7.6   0.0   0.9   2.4  20.9   20:12   SSW
 3  11.2  12.9   09:12   9.2   00:12   7.1   0.0   0.6   1.5  12.2   05:12     S
 4  10.5  17.8   09:42   3.9   23:12   7.8   0.0   1.2   1.0  11.2   07:12   SSE
 5  12.1  19.3   06:42   4.2   00:12   6.2   0.0   0.0   1.3   9.7   07:12     S
 6  13.1  24.3   10:42   6.2   00:42   6.3   1.0   0.0   1.1  13.3   07:42     N
 7  13.5  21.6   08:42   5.5   23:42   5.1   0.3   0.0   1.8  12.2   05:12     S
 8  13.1  26.7   10:12   5.2   01:12   6.5   1.3   0.0   1.1  11.2   08:12     N
 9  13.1  27.7   10:13   5.0   01:12   6.8   1.6   0.0   0.6   6.1   08:13   NNE
10  15.2  29.2   09:43   5.3   01:13   5.5   2.4 261.3   1.0  14.8   23:13   NNE
11   8.2  14.1   00:13   6.5   16:13  10.1   0.0  11.4   1.7  15.8   00:43   NNE
12   6.1  11.8   02:43   2.3   11:13  11.9   0.0   0.0   3.4  17.3   02:13   NNE
13   4.9   7.0   03:13   3.3   20:14  13.2   0.0   0.0   4.8  15.8   00:13    NE
14   4.4   5.8   03:14   2.1   18:14  13.9   0.0   0.0   3.3  12.2   06:14    NE
15  17.6  27.5   23:44   5.2   00:14   3.5   2.8   0.0   1.8  13.3   21:14   NNW
16  14.1  28.2   00:14   9.1   19:45   5.3   1.0   2.7   3.7  18.4   10:44     S
17  10.7  42.1   14:45   8.2   09:45   8.2   0.5   2.1  13.5 194.0   14:45     N
18  13.1  22.2   23:51  10.7   06:21   5.5   0.3  27.6   1.6   9.7   01:51    NE
19  17.6  25.6   23:51  10.1   17:51   2.5   1.9   1.8   1.3   8.6   01:21   NNE
20  18.2  26.9   01:51  11.0   17:51   2.1   1.9   0.0   1.8  11.2   02:21    NW
----------------------------------------------------------------------------------
    11.8  42.1    17     1.8     2   145.2  15.0 310.2   2.6 194.0    17     NNE

Max >=  27.0:  5
Max <=   0.0:  0
Min <=   0.0:  0
Min <= -18.0:  0
Max Rain: 261.3 on day 10
Days of Rain: 10 (>= 0.2 mm)  5 (>= 2.0 mm)  2 (>= 20.0 mm)
Heat Base: 18.3  Cool Base: 18.3  Method: Integration
:now::gauges::today::yesterday::this month::this year::NOAA-style reports: :records::monthly records::trends::webcam:


Page updated 21.09.2019 23:29:45
powered by Cumulus v1.9.4 (1099)