Schwyzi's weather

 Latitude N 47° 32' 21"    Longitude E 07° 10' 18"    Elevation 385 m

Dawn: 06:06 Sunrise: 06:38 Moonrise: 05:00 Moon
Dusk: 20:57 Sunset:  20:24 Moonset: 14:33
Daylight: 14:51 Day length: 13:46 Moon Phase: Waning Crescent
       
   
Select a Year or Month report
V/Λ2020 > Jan Feb Mar Apr May Jun Jul Aug Sep Oct Nov Dec
V/Λ2019 > Jan Feb Mar Apr May Jun Jul Aug Sep Oct Nov Dec
V/Λ2018 > Jan Feb Mar Apr May Jun Jul Aug Sep Oct Nov Dec
V/Λ2017 > Jan Feb Mar Apr May Jun Jul Aug Sep Oct Nov Dec
V/Λ2016 > Jan Feb Mar Apr May Jun Jul Aug Sep Oct Nov Dec
V/Λ2015 > Jan Feb Mar Apr May Jun Jul Aug Sep Oct Nov Dec
V/Λ2014 > Jan Feb Mar Apr May Jun Jul Aug Sep Oct Nov Dec
V/Λ2013 > Jan Feb Mar Apr May Jun Jul Aug Sep Oct Nov Dec

Report for 2020 Mar
                   Monthly Climatological Summary for Mär 2020

Name: Schwyzi's Wetter   City: 68580 Seppois le Bas   State: France
Elevation: 385 m  Lat: N 47° 32' 21"   Lon: E 007° 10' 18"

                  Temperature (°C), Rain (mm), Wind Speed (km/h)

                                      Heat  Cool        Avg
    Mean                              Deg   Deg         Wind                 Dom
Day Temp  High   Time   Low    Time   Days  Days  Rain  Speed High   Time    Dir
----------------------------------------------------------------------------------
15  17.3  24.3   00:51 -44.0   10:50  15.1   1.026341.0 252.5 108.0   11:28   NNE
16   0.0   0.0   00:00   0.0   00:00  18.3   0.0   0.0 379.0  15.1   00:00   NNE
17   0.0   0.0   00:00   0.0   00:00  18.3   0.0   0.0 379.0  15.1   00:00   NNE
18   0.0   0.0   00:00   0.0   00:00  18.3   0.0   0.0 379.0  15.1   00:00   NNE
19   0.0   0.0   00:00   0.0   00:00  18.3   0.0   0.0 379.0  15.1   00:00   NNE
20   0.0   0.0   00:00   0.0   00:00  18.3   0.0   0.0 379.0  15.1   00:00   NNE
21   0.0   0.0   00:00   0.0   00:00  18.3   0.0   0.0 379.0  15.1   00:00   NNE
22   0.0   0.0   00:00   0.0   00:00  18.3   0.0   0.0 379.0  15.1   00:00   NNE
23   0.0   0.0   00:00   0.0   00:00  18.3   0.0   0.0 379.0  15.1   00:00   NNE
24   0.0   0.0   00:00   0.0   00:00  18.3   0.0   0.0 379.0  15.1   00:00   NNE
25   0.0   0.0   00:00   0.0   00:00  18.3   0.0   0.0 379.0  15.1   00:00   NNE
26   0.0   0.0   00:00   0.0   00:00  18.3   0.0   0.0 379.0  15.1   00:00   NNE
27   0.0   0.0   00:00   0.0   00:00  18.3   0.0   0.0 379.0  15.1   00:00   NNE
28   0.0   0.0   00:00   0.0   00:00  18.3   0.0   0.0 379.0  15.1   00:00   NNE
29   0.0   0.0   00:00   0.0   00:00  17.5   0.0   0.0 379.0  15.1   00:00   NNE
30   0.0   0.0   00:00   0.0   00:00  18.3   0.0   0.0 379.0  15.1   00:00   NNE
31   0.0   0.0   00:00   0.0   00:00  18.3   0.0   0.0 379.0  15.1   00:00   NNE
----------------------------------------------------------------------------------
     1.0  24.3    15   -44.0    15   307.1   1.026341.0 369.6 108.0    15     NNE

Max >=  27.0:  0
Max <=   0.0: 16
Min <=   0.0: 17
Min <= -18.0:  1
Max Rain: 26341.0 on day 15
Days of Rain: 1 (>= 0.2 mm)  1 (>= 2.0 mm)  1 (>= 20.0 mm)
Heat Base: 18.3  Cool Base: 18.3  Method: Integration
       
:now::gauges::today::yesterday::this month::this year::NOAA-style reports: :records::monthly records::trends::webcam:


Page updated 17.04.2020 17:35:00
powered by Cumulus v1.9.4 (1099)