Schwyzi's weather

 Latitude N 47° 32' 21"    Longitude E 07° 10' 18"    Elevation 385 m

Dawn: 06:06 Sunrise: 06:38 Moonrise: 05:00 Moon
Dusk: 20:57 Sunset:  20:24 Moonset: 14:33
Daylight: 14:51 Day length: 13:46 Moon Phase: Waning Crescent
Select a Year or Month report
V/Λ2020 > Jan Feb Mar Apr May Jun Jul Aug Sep Oct Nov Dec
V/Λ2019 > Jan Feb Mar Apr May Jun Jul Aug Sep Oct Nov Dec
V/Λ2018 > Jan Feb Mar Apr May Jun Jul Aug Sep Oct Nov Dec
V/Λ2017 > Jan Feb Mar Apr May Jun Jul Aug Sep Oct Nov Dec
V/Λ2016 > Jan Feb Mar Apr May Jun Jul Aug Sep Oct Nov Dec
V/Λ2015 > Jan Feb Mar Apr May Jun Jul Aug Sep Oct Nov Dec
V/Λ2014 > Jan Feb Mar Apr May Jun Jul Aug Sep Oct Nov Dec
V/Λ2013 > Jan Feb Mar Apr May Jun Jul Aug Sep Oct Nov Dec

Report for 2020 Apr
                   Monthly Climatological Summary for Apr 2020

Name: Schwyzi's Wetter   City: 68580 Seppois le Bas   State: France
Elevation: 385 m  Lat: N 47 32' 21"   Lon: E 007 10' 18"

                  Temperature (C), Rain (mm), Wind Speed (km/h)

                                      Heat  Cool        Avg
    Mean                              Deg   Deg         Wind                 Dom
Day Temp  High   Time   Low    Time   Days  Days  Rain  Speed High   Time    Dir
----------------------------------------------------------------------------------
 1   0.0   0.0   00:00   0.0   00:00  18.3   0.0   0.0 379.0  15.1   00:00   NNE
 2   0.0   0.0   00:00   0.0   00:00  18.3   0.0   0.0 379.0  15.1   00:00   NNE
 3   0.0   0.0   00:00   0.0   00:00  18.3   0.0   0.0 379.0  15.1   00:00   NNE
 4   0.0   0.0   00:00   0.0   00:00  18.3   0.0   0.0 379.0  15.1   00:00   NNE
 5   0.0   0.0   00:00   0.0   00:00  18.3   0.0   0.0 379.0  15.1   00:00   NNE
 6   0.0   0.0   00:00   0.0   00:00  18.3   0.0   0.0 379.0  15.1   00:00   NNE
 7   0.0   0.0   00:00   0.0   00:00  18.3   0.0   0.0 379.0  15.1   00:00   NNE
 8   0.0   0.0   00:00   0.0   00:00  18.3   0.0   0.0 379.0  15.1   00:00   NNE
 9   0.0   0.0   00:00   0.0   00:00  18.3   0.0   0.0 379.0  15.1   00:00   NNE
10   0.0   0.0   00:00   0.0   00:00  18.3   0.0   0.0 379.0  15.1   00:00   NNE
11   0.0   0.0   00:00   0.0   00:00  18.3   0.0   0.0 379.0  15.1   00:00   NNE
12   0.0   0.0   00:00   0.0   00:00  18.3   0.0   0.0 379.0  15.1   00:00   NNE
13   0.0   0.0   00:00   0.0   00:00  18.3   0.0   0.0 379.0  15.1   00:00   NNE
14   0.0   0.0   00:00   0.0   00:00  18.3   0.0   0.0 379.0  15.1   00:00   NNE
15   0.0   0.0   00:00   0.0   00:00  18.3   0.0   0.0 379.0  15.1   00:00   NNE
16   0.0   0.0   00:00   0.0   00:00  18.3   0.0   0.0 379.0  15.1   00:00   NNE
----------------------------------------------------------------------------------
     0.0   0.0     1     0.0     1   292.8   0.0   0.0 379.0  15.1     1     NNE

Max >=  27.0:  0
Max <=   0.0: 16
Min <=   0.0: 16
Min <= -18.0:  0
Max Rain: 0.0 on day 0
Days of Rain: 0 (>= 0.2 mm)  0 (>= 2.0 mm)  0 (>= 20.0 mm)
Heat Base: 18.3  Cool Base: 18.3  Method: Integration
:now::gauges::today::yesterday::this month::this year::NOAA-style reports: :records::monthly records::trends::webcam:


Page updated 17.04.2020 17:35:00
powered by Cumulus v1.9.4 (1099)